digit of 25579?
5
What is the tens digit of 609?
0
What is the hundreds digit of 2273?
2
What is the tens digit of 1868?
6
What is the thousands digit of 1850?
1
What is the units digit of 12246?
6
What is the thousands digit of 1783?
1
What is the tens digit of 14650?
5
What is the thousands digit of 5182?
5
What is the tens digit of 1376?
7
What is the units digit of 1536?
6
What is the units digit of 610?
0
What is the thousands digit of 2675?
2
What is the tens digit of 4642?
4
What is the tens digit of 482?
8
What is the units digit of 166?
6
What is the units digit of 10490?
0
What is the thousands digit of 73800?
3
What is the thousands digit of 12420?
2
What is the hundreds digit of 20998?
9
What is the units digit of 533?
3
What is the ten thousands digit of 19036?
1
What is the units digit of 24234?
4
What is the hundreds digit of 20336?
3
What is the tens digit of 6445?
4
What is the hundreds digit of 559?
5
What is the units digit of 58953?
3
What is the tens digit of 10488?
8
What is the hundreds digit of 2334?
3
What is the hundreds digit of 10597?
5
What is the hundreds digit of 538?
5
What is the thousands digit of 1790?
1
What is the tens digit of 10603?
0
What is the thousands digit of 133787?
3
What is the tens digit of 13040?
4
What is the thousands digit of 4783?
4
What is the thousands digit of 69034?
9
What is the hundreds digit of 8944?
9
What is the hundreds digit of 703?
7
What is the hundreds digit of 2427?
4
What is the hundreds digit of 3173?
1
What is the hundreds digit of 967?
9
What is the ten thousands digit of 103967?
0
What is the tens digit of 12640?
4
What is the units digit of 733?
3
What is the units digit of 412?
2
What is the tens digit of 934?
3
What is the tens digit of 619?
1
What is the thousands digit of 42063?
2
What is the thousands digit of 3130?
3
What is the tens digit of 662?
6
What is the tens digit of 42832?
3
What is the ten thousands digit of 86785?
8
What is the hundreds digit of 7771?
7
What is the units digit of 3742?
2
What is the hundreds digit of 34543?
5
What is the thousands digit of 11252?
1
What is the units digit of 334?
4
What is the tens digit of 7061?
6
What is the thousands digit of 7647?
7
What is the thousands digit of 22272?
2
What is the units digit of 19178?
8
What is the tens digit of 1912?
1
What is the thousands digit of 1077?
1
What is the units digit of 35341?
1
What is the tens digit of 461?
6
What is the tens digit of 50251?
5
What is the units digit of 2252?
2
What is the hundreds digit of 13411?
4
What is the tens digit of 98?
9
What is the units digit of 4428?
8
What is the tens digit of 235?
3
What is the hundreds digit of 5569?
5
What is the units digit of 135?
5
What is the tens digit of 330?
3
What is the units digit of 4924?
4
What is the hundreds digit of 3668?
6
What is the thousands digit of 36120?
6
What is the units digit of 3849?
9
What is the hundreds digit of 1491?
4
What is the hundreds digit of 9392?
3
What is the hundreds digit of 549?
5
What is the ten thousands digit of 16026?
1
What is the tens digit of 13171?
7
What is the hundreds digit of 31114?
1
What is the hundreds digit of 2876?
8
What is the tens digit of 628?
2
What is the hundreds digit of 25046?
0
What is the hundreds digit of 23079?
0
What is the tens digit of 734?
3
What is the units digit of 3124?
4
What is the units digit of 1595?
5
What is the units digit of 663?
3
What is the tens digit of 15450?
5
What is the hundreds digit of 12653?
6
What is the hundreds digit of 4918?
9
What is the tens digit of 234?
3
What is the hundreds digit of 567?
5
What is the units digit of 959?
9
What is the units digit of 683?
3
What is the tens digit of 20517?
1
What is the hundreds digit of 1537?
5
What is the tens digit of 136717?
1
What is the units digit of 2411?
1
What is the units digit of 3064?
4
What is the hundreds digit of 73021?
0
What is the hundreds digit of 94624?
6
What is the units digit of 3830?
0
What is the units digit of 109792?
2
What is the units digit of 1474?
4
What is the hundreds digit of 5884?
8
What is the hundreds digit of 959?
9
What is the units digit of 31457?
7
What is the thousands digit of 49655?
9
What is the tens digit of 65762?
6
What is the units digit of 2687?
7
What is the units digit of 992?
2
What is the units digit of 3217?
7
What is the units digit of 147?
7
What is the thousands digit of 32812?
2
What is the thousands digit of 10970?
0
What is the units digit of 8835?
5
What is the units digit of 299?
9
What is the units digit of 19?
9
What is the thousands digit of 111607?
1
What is the hundreds digit of 8951?
9
What is the thousands digit of 54756?
4
What is the hundreds digit of 15477?
4
What is the hundreds digit of 1513?
5
What is the thousands digit of 15524?
5
What is the tens digit of 848?
4
What is the units digit of 3195?
5
What is the units digit of 9805?
5
What is the thousands digit of 1841?
1
What is the hundreds digit of 1740?
7
What is the thousands digit of 8759?
8
What is the units digit of 11933?
3
What is the hundreds digit of 1426?
4
What is the thousands digit of 9830?
9
What is the units digit of 5811?
1
What is the hundreds digit of 115?
1
What is the tens digit of 539?
3
What is the units digit of 197?
7
What is the units digit of 44289?
9
What is the ten thousands digit of 13155?
1
What is the hundreds digit of 7626?
6
What is the hundreds digit of 4116?
1
What is the units digit of 6863?
3
What is the tens digit of 607?
0
What is the units digit of 2237?
7
What is the thousands digit of 1282?
1
What is the thousands digit of 2311?
2
What is the units digit of 12469?
9
What is the ten thousands digit of 92248?
9
What is the units digit of 1719?
9
What is the hundreds digit of 847?
8
What is the units digit of 8065?
5
What is the tens digit of 120923?
2
What is the units digit of 128068?
8
What is the units digit of 4345?
5
What is the units digit of 179?
9
What is the thousands digit of 2775?
2
What is the hundreds digit of 987?
9
What is the hundreds digit of 215?
2
What is the tens digit of 1864?
6
What is the tens digit of 512?
1
What is the hundreds digit of 339?
3
What is the thousands digit of 1016?
1
What is the thousands digit of 3084?
3
What is the hundreds digit of 4591?
5
What is the tens digit of 5016?
1
What is the hundreds digit of 2755?
7
What is the tens digit of 191?
9
What is the units digit of 50392?
2
What is the tens digit of 1563?
6
What is the thousands digit of 1252?
1
What is the tens digit of 128?
2
What is the thousands digit of 3379?
3
What is the units digit of 14001?
1
What is the units digit of 14025?
5
What is the thousands digit of 2995?
2
What is the thousands digit of 1814?
1
What is the units digit of 29853?
3
What is the hundreds digit of 41864?
8
What is the tens digit of 104?
0
What is the hundreds digit of 8162?
1
What is the units digit of 994?
4
What is the units digit of 2531?
1
What is the thousands digit of 6687?
6
What is the hundreds digit of 2057?
0
What is the units digit of 33?
3
What is the hundreds digit of 27047?
0
What is the units digit of 12189?
9
What is the hundreds digit of 19335?
3
What is the tens digit of 779?
7
What is the hundreds digit of 51354?
3
What is the thousands digit of 19560?
9
What is the tens digit of 29905?
0
What is the hundreds digit of 74058?
0
What is the hundreds digit of 17431?
4
What is the tens digit of 3140?
4
What is the tens digit of 2215?
1
What is the ten thousands digit of 21664?
2
What is the hundreds digit of 126215?
2
What is the units digit of 5878?
8
What is the thousands digit of 14609?
4
What is the hundreds digit of 7211?
2
What is the ten thousands digit of 50526?
5
What is the tens digit of 118281?
8
What is the thousands digit of 2705?
2
What is the tens digit of 18360?
6
What is the thousands digit of 122288?
2
What is the tens digit of 17232?
3
What is the hundreds digit of 27956?
9
What is the tens digit of 804?
0
What is the thousands digit of 6382?
6
What is the tens digit of 2262?
6
What is the hundreds digit of 1383?
3
What is the units digit of 67994?
4
What is the ten thousands digit of 84656?
8
What is the tens digit of 2688?
8
What is the units digit of 249?
9
What is the thousands digit of 6568?
6
What is